{"id":1087,"date":"2022-08-22T15:09:17","date_gmt":"2022-08-22T18:09:17","guid":{"rendered":"http:\/\/ambienteduran.eng.br\/?page_id=1087"},"modified":"2022-08-22T15:21:33","modified_gmt":"2022-08-22T18:21:33","slug":"formularios-de-la","status":"publish","type":"page","link":"https:\/\/ambienteduran.eng.br\/?page_id=1087","title":{"rendered":"Formul\u00e1rios de LA"},"content":{"rendered":"\t\t<div data-elementor-type=\"wp-page\" data-elementor-id=\"1087\" class=\"elementor elementor-1087\">\n\t\t\t\t\t\t\t\t\t<section class=\"elementor-section elementor-top-section elementor-element elementor-element-25d42c2 elementor-section-boxed elementor-section-height-default elementor-section-height-default\" data-id=\"25d42c2\" data-element_type=\"section\">\n\t\t\t\t\t\t<div class=\"elementor-container elementor-column-gap-default\">\n\t\t\t\t\t<div class=\"elementor-column elementor-col-50 elementor-top-column elementor-element elementor-element-a108226\" data-id=\"a108226\" data-element_type=\"column\">\n\t\t\t<div class=\"elementor-widget-wrap elementor-element-populated\">\n\t\t\t\t\t\t\t\t<div class=\"elementor-element elementor-element-f711c35 elementor-widget elementor-widget-heading\" data-id=\"f711c35\" data-element_type=\"widget\" data-widget_type=\"heading.default\">\n\t\t\t\t<div class=\"elementor-widget-container\">\n\t\t\t<style>\/*! elementor - v3.7.1 - 14-08-2022 *\/\n.elementor-heading-title{padding:0;margin:0;line-height:1}.elementor-widget-heading .elementor-heading-title[class*=elementor-size-]>a{color:inherit;font-size:inherit;line-height:inherit}.elementor-widget-heading .elementor-heading-title.elementor-size-small{font-size:15px}.elementor-widget-heading .elementor-heading-title.elementor-size-medium{font-size:19px}.elementor-widget-heading .elementor-heading-title.elementor-size-large{font-size:29px}.elementor-widget-heading .elementor-heading-title.elementor-size-xl{font-size:39px}.elementor-widget-heading .elementor-heading-title.elementor-size-xxl{font-size:59px}<\/style><h2 class=\"elementor-heading-title elementor-size-default\">FORMUL\u00c1RIOS PARA LICENCIAMENTOS AMBIENTAIS\n<\/h2>\t\t<\/div>\n\t\t\t\t<\/div>\n\t\t\t\t<div class=\"elementor-element elementor-element-7b70cf0 elementor-widget-divider--view-line elementor-widget elementor-widget-divider\" data-id=\"7b70cf0\" data-element_type=\"widget\" data-widget_type=\"divider.default\">\n\t\t\t\t<div class=\"elementor-widget-container\">\n\t\t\t<style>\/*! elementor - v3.7.1 - 14-08-2022 *\/\n.elementor-widget-divider{--divider-border-style:none;--divider-border-width:1px;--divider-color:#2c2c2c;--divider-icon-size:20px;--divider-element-spacing:10px;--divider-pattern-height:24px;--divider-pattern-size:20px;--divider-pattern-url:none;--divider-pattern-repeat:repeat-x}.elementor-widget-divider .elementor-divider{display:-webkit-box;display:-ms-flexbox;display:flex}.elementor-widget-divider .elementor-divider__text{font-size:15px;line-height:1;max-width:95%}.elementor-widget-divider .elementor-divider__element{margin:0 var(--divider-element-spacing);-ms-flex-negative:0;flex-shrink:0}.elementor-widget-divider .elementor-icon{font-size:var(--divider-icon-size)}.elementor-widget-divider .elementor-divider-separator{display:-webkit-box;display:-ms-flexbox;display:flex;margin:0;direction:ltr}.elementor-widget-divider--view-line_icon .elementor-divider-separator,.elementor-widget-divider--view-line_text .elementor-divider-separator{-webkit-box-align:center;-ms-flex-align:center;align-items:center}.elementor-widget-divider--view-line_icon .elementor-divider-separator:after,.elementor-widget-divider--view-line_icon .elementor-divider-separator:before,.elementor-widget-divider--view-line_text .elementor-divider-separator:after,.elementor-widget-divider--view-line_text .elementor-divider-separator:before{display:block;content:\"\";border-bottom:0;-webkit-box-flex:1;-ms-flex-positive:1;flex-grow:1;border-top:var(--divider-border-width) var(--divider-border-style) var(--divider-color)}.elementor-widget-divider--element-align-left .elementor-divider .elementor-divider-separator>.elementor-divider__svg:first-of-type{-webkit-box-flex:0;-ms-flex-positive:0;flex-grow:0;-ms-flex-negative:100;flex-shrink:100}.elementor-widget-divider--element-align-left .elementor-divider-separator:before{content:none}.elementor-widget-divider--element-align-left .elementor-divider__element{margin-left:0}.elementor-widget-divider--element-align-right .elementor-divider .elementor-divider-separator>.elementor-divider__svg:last-of-type{-webkit-box-flex:0;-ms-flex-positive:0;flex-grow:0;-ms-flex-negative:100;flex-shrink:100}.elementor-widget-divider--element-align-right .elementor-divider-separator:after{content:none}.elementor-widget-divider--element-align-right .elementor-divider__element{margin-right:0}.elementor-widget-divider:not(.elementor-widget-divider--view-line_text):not(.elementor-widget-divider--view-line_icon) .elementor-divider-separator{border-top:var(--divider-border-width) var(--divider-border-style) var(--divider-color)}.elementor-widget-divider--separator-type-pattern{--divider-border-style:none}.elementor-widget-divider--separator-type-pattern.elementor-widget-divider--view-line .elementor-divider-separator,.elementor-widget-divider--separator-type-pattern:not(.elementor-widget-divider--view-line) .elementor-divider-separator:after,.elementor-widget-divider--separator-type-pattern:not(.elementor-widget-divider--view-line) .elementor-divider-separator:before,.elementor-widget-divider--separator-type-pattern:not([class*=elementor-widget-divider--view]) .elementor-divider-separator{width:100%;min-height:var(--divider-pattern-height);-webkit-mask-size:var(--divider-pattern-size) 100%;mask-size:var(--divider-pattern-size) 100%;-webkit-mask-repeat:var(--divider-pattern-repeat);mask-repeat:var(--divider-pattern-repeat);background-color:var(--divider-color);-webkit-mask-image:var(--divider-pattern-url);mask-image:var(--divider-pattern-url)}.elementor-widget-divider--no-spacing{--divider-pattern-size:auto}.elementor-widget-divider--bg-round{--divider-pattern-repeat:round}.rtl .elementor-widget-divider .elementor-divider__text{direction:rtl}.e-container>.elementor-widget-divider{width:var(--container-widget-width,100%);-webkit-box-flex:1;-ms-flex-positive:1;flex-grow:1}<\/style>\t\t<div class=\"elementor-divider\">\n\t\t\t<span class=\"elementor-divider-separator\">\n\t\t\t\t\t\t<\/span>\n\t\t<\/div>\n\t\t\t\t<\/div>\n\t\t\t\t<\/div>\n\t\t\t\t<div class=\"elementor-element elementor-element-ef19167 elementor-widget elementor-widget-text-editor\" data-id=\"ef19167\" data-element_type=\"widget\" data-widget_type=\"text-editor.default\">\n\t\t\t\t<div class=\"elementor-widget-container\">\n\t\t\t<style>\/*! elementor - v3.7.1 - 14-08-2022 *\/\n.elementor-widget-text-editor.elementor-drop-cap-view-stacked .elementor-drop-cap{background-color:#818a91;color:#fff}.elementor-widget-text-editor.elementor-drop-cap-view-framed .elementor-drop-cap{color:#818a91;border:3px solid;background-color:transparent}.elementor-widget-text-editor:not(.elementor-drop-cap-view-default) .elementor-drop-cap{margin-top:8px}.elementor-widget-text-editor:not(.elementor-drop-cap-view-default) .elementor-drop-cap-letter{width:1em;height:1em}.elementor-widget-text-editor .elementor-drop-cap{float:left;text-align:center;line-height:1;font-size:50px}.elementor-widget-text-editor .elementor-drop-cap-letter{display:inline-block}<\/style>\t\t\t\t<p><strong>#\u00a0<a href=\"http:\/\/ambienteduran.eng.br\/wp-content\/uploads\/2022\/08\/RLA.rtf\" target=\"_blank\" rel=\"noopener\">RLA<\/a>\u00a0&#8211; REQUERIMENTO DE LICENCIAMENTO AMBIENTAL<br \/>#\u00a0<a href=\"http:\/\/ambienteduran.eng.br\/wp-content\/uploads\/2022\/08\/RAF.rtf\" target=\"_blank\" rel=\"noopener\">RAF<\/a>\u00a0&#8211; REQUERIMENTO DE AUTORIZA\u00c7\u00c3O FLORESTAL<br \/>#\u00a0<a href=\"http:\/\/ambienteduran.eng.br\/wp-content\/uploads\/2022\/08\/CEI_ANEXO_1_CADASTRO_DE_EMPREENDIMENTOS_INDUSTRIAIS.rtf\" target=\"_blank\" rel=\"noopener\">CEI<\/a>\u00a0\u2013 CADASTRO DE EMPREENDIMENTO INDUSTRIAL<br \/>#\u00a0<a href=\"http:\/\/ambienteduran.eng.br\/wp-content\/uploads\/2022\/08\/CEC_CADASTRO_DE_EMPREENDIMENTO_CEMITERIO.rtf\" target=\"_blank\" rel=\"noopener\">CEC<\/a>\u00a0&#8211; CADASTRO EMPREENDIMENTO CEMIT\u00c9RIO<br \/>#\u00a0<a href=\"http:\/\/ambienteduran.eng.br\/wp-content\/uploads\/2022\/08\/CCS_CADASTRO_EMPREENDIMENTOS_COMERCIAIS_SERVICOS.rtf\" target=\"_blank\" rel=\"noopener\">CCS<\/a>\u00a0&#8211; CADASTRO DE EMPREENDIMENTOS COMERCIAIS E DE SERVI\u00c7OS<br \/>#\u00a0<a href=\"http:\/\/ambienteduran.eng.br\/wp-content\/uploads\/2022\/08\/CCR_CADASTRO_DE_CARACTERIZACAO_DO_RESIDUO.rtf\" target=\"_blank\" rel=\"noopener\">CCR<\/a>\u00a0&#8211; CADASTRO DE CARACTERIZA\u00c7\u00c3O DO RES\u00cdDUO<br \/>#\u00a0<a href=\"http:\/\/ambienteduran.eng.br\/wp-content\/uploads\/2022\/08\/CED_Cadastro_de_Empreendimentos_de_Drenagem.rtf\" target=\"_blank\" rel=\"noopener\">CED<\/a>\u00a0&#8211; CADASTRO DE EMPREENDIMENTOS DE DRENAGEM<br \/>#\u00a0<a href=\"http:\/\/ambienteduran.eng.br\/wp-content\/uploads\/2022\/08\/CSA_CADASTRO_DE_EMPREENDIMENTOS_DE_SANEAMENTO.rtf\" target=\"_blank\" rel=\"noopener\">CSA<\/a>\u00a0&#8211; CADASTRO DE EMPREENDIMENTOS DE SANEAMENTO &#8211; ETA e ETE<br \/>#\u00a0<a href=\"http:\/\/ambienteduran.eng.br\/wp-content\/uploads\/2022\/08\/CES_CADASTRO_DE_EMPREENDIMENTO_DE_SUINOCULTURA.rtf\" target=\"_blank\" rel=\"noopener\">CES<\/a>\u00a0&#8211; CADASTRO DE EMPREENDIMENTOS DE SUINOCULTURA<br \/>#\u00a0<a href=\"http:\/\/ambienteduran.eng.br\/wp-content\/uploads\/2022\/08\/CEM_CADASTRO_DE_EMPREENDIMENTOS_MINERARIOS.rtf\" target=\"_blank\" rel=\"noopener\">CEM<\/a>\u00a0&#8211; CADASTRO DE EMPREENDIMENTOS MINER\u00c1RIOS<br \/>#\u00a0<a href=\"http:\/\/ambienteduran.eng.br\/wp-content\/uploads\/2022\/08\/CEV_CADASTRO_DE_EMPREENDIMENTOS_VIARIOS.rtf\" target=\"_blank\" rel=\"noopener\">CEV<\/a>\u00a0&#8211; CADASTRO DE EMPREENDIMENTOS VI\u00c1RIOS<br \/>#\u00a0<a href=\"http:\/\/ambienteduran.eng.br\/wp-content\/uploads\/2022\/08\/PSR_CADASTRO_DE_POSTOS_RES_21_2011.rtf\">PSR<\/a>\u00a0&#8211; CADASTRO DE POSTOS DE SISTEMA RETALHISTA DE COMBUST\u00cdVEIS<br \/>#\u00a0<a href=\"http:\/\/ambienteduran.eng.br\/wp-content\/uploads\/2022\/08\/CEAV_ANEXO_2_AVICULTURA_1.rtf\" target=\"_blank\" rel=\"noopener\">CEAV\u00a0<\/a>&#8211; CADASTRO DE EMPREENDIMENTO DE AVICULTURA<br \/>#\u00a0<a href=\"http:\/\/ambienteduran.eng.br\/wp-content\/uploads\/2022\/08\/CADASTRO_DE_AQUICULTURA.rtf\">CEP<\/a>\u00a0&#8211; CADASTRO DE EMPREENDIMENTO DE PISCICULTURA \/ MARICULTURA<br \/>#\u00a0<a href=\"http:\/\/ambienteduran.eng.br\/wp-content\/uploads\/2022\/08\/CIM_CADASTRO_IMOBILIARIO.rtf\" target=\"_blank\" rel=\"noopener\">CIM<\/a>\u00a0&#8211; CADASTRO IMOBILI\u00c1RIO<br \/>#\u00a0<a href=\"http:\/\/ambienteduran.eng.br\/wp-content\/uploads\/2022\/08\/CTR_CADASTRO_PARA_TRANSPORTADORA_DE_RESIDUOS_INDUSTRIAIS.rtf\" target=\"_blank\" rel=\"noopener\">CTR<\/a>\u00a0&#8211; CADASTRO PARA TRANSPORTADORA DE RES\u00cdDUOS INDUSTRIAIS<br \/>#\u00a0<a href=\"http:\/\/ambienteduran.eng.br\/wp-content\/uploads\/2022\/08\/CTD_CADASTRO_PARA_TRATAMENTO_E_DISPOSICAO_FINAL_DE_RESIDUOS.rtf\" target=\"_blank\" rel=\"noopener\">CTD<\/a>\u00a0&#8211; CADASTRO PARA TRATAMENTO E DISPOSI\u00c7\u00c3O FINAL DE RES\u00cdDUOS<br \/>#\u00a0<a href=\"http:\/\/ambienteduran.eng.br\/wp-content\/uploads\/2022\/08\/COD_CADASTRO_SIMPLIFICADO_PARA_OBRAS_DIVERSAS.rtf\" target=\"_blank\" rel=\"noopener\">COD<\/a>\u00a0&#8211; CADASTRO SIMPLIFICADO PARA OBRAS DIVERSAS<br \/>#\u00a0<a href=\"http:\/\/ambienteduran.eng.br\/wp-content\/uploads\/2022\/08\/SISLEG.rtf\" target=\"_blank\" rel=\"noopener\">SISLEG<\/a>\u00a0&#8211; REQUERIMENTO E CADASTRO DE IM\u00d3VEL COM RL E APP<br \/>#\u00a0<a href=\"http:\/\/ambienteduran.eng.br\/wp-content\/uploads\/2022\/08\/RPMA_PROGRMA_MAIS_AMBIENTE.rtf\" target=\"_blank\" rel=\"noopener\">RPMA<\/a>\u00a0&#8211; REQUERIMENTO PARA ADES\u00c3O AO PROGRAMA MAIS AMBIENTE<br \/>#\u00a0MODELO DE SUMULA\u00a0PARA PUBLICA\u00c7\u00c3O DAS LICEN\u00c7AS AMBIENTAIS EM DI\u00c1RIOS E JORNAIS<br \/>#\u00a0<a href=\"http:\/\/ambienteduran.eng.br\/wp-content\/uploads\/2022\/08\/DLAE_RES_70.rtf\" target=\"_blank\" rel=\"noopener\">DLAE<\/a>\u00a0&#8211; DISPENSA DE LICENCIAMENTO AMBIENTAL ESTADUAL<\/strong><\/p>\t\t\t\t\t\t<\/div>\n\t\t\t\t<\/div>\n\t\t\t\t<div class=\"elementor-element elementor-element-8ef5b63 elementor-widget-divider--view-line elementor-widget elementor-widget-divider\" data-id=\"8ef5b63\" data-element_type=\"widget\" data-widget_type=\"divider.default\">\n\t\t\t\t<div class=\"elementor-widget-container\">\n\t\t\t\t\t<div class=\"elementor-divider\">\n\t\t\t<span class=\"elementor-divider-separator\">\n\t\t\t\t\t\t<\/span>\n\t\t<\/div>\n\t\t\t\t<\/div>\n\t\t\t\t<\/div>\n\t\t\t\t\t<\/div>\n\t\t<\/div>\n\t\t\t\t<div class=\"elementor-column elementor-col-50 elementor-top-column elementor-element elementor-element-6bc0e53\" data-id=\"6bc0e53\" data-element_type=\"column\">\n\t\t\t<div class=\"elementor-widget-wrap elementor-element-populated\">\n\t\t\t\t\t\t\t\t<div class=\"elementor-element elementor-element-4dc1be7 elementor-widget elementor-widget-heading\" data-id=\"4dc1be7\" data-element_type=\"widget\" data-widget_type=\"heading.default\">\n\t\t\t\t<div class=\"elementor-widget-container\">\n\t\t\t<h2 class=\"elementor-heading-title elementor-size-default\">MAIS LIDAS\n<\/h2>\t\t<\/div>\n\t\t\t\t<\/div>\n\t\t\t\t<div class=\"elementor-element elementor-element-32c872d elementor-widget-divider--view-line elementor-widget elementor-widget-divider\" data-id=\"32c872d\" data-element_type=\"widget\" data-widget_type=\"divider.default\">\n\t\t\t\t<div class=\"elementor-widget-container\">\n\t\t\t\t\t<div class=\"elementor-divider\">\n\t\t\t<span class=\"elementor-divider-separator\">\n\t\t\t\t\t\t<\/span>\n\t\t<\/div>\n\t\t\t\t<\/div>\n\t\t\t\t<\/div>\n\t\t\t\t<div class=\"elementor-element elementor-element-e11675e elementor-widget elementor-widget-text-editor\" data-id=\"e11675e\" data-element_type=\"widget\" data-widget_type=\"text-editor.default\">\n\t\t\t\t<div class=\"elementor-widget-container\">\n\t\t\t\t\t\t\t<p><strong>01. <a href=\"http:\/\/ambienteduran.eng.br\/?page_id=790\">Consultoria Ambiental<\/a><\/strong><br \/><strong>02. <a href=\"http:\/\/ambienteduran.eng.br\/?page_id=802\">NOSSOS CONTATOS<\/a><\/strong><br \/><strong>03. <a href=\"http:\/\/ambienteduran.eng.br\/?page_id=835\">Compensa\u00e7\u00e3o Ambiental &#8211; im\u00f3veis urbanos<\/a><\/strong><br \/><strong>04. <a href=\"http:\/\/ambienteduran.eng.br\/?page_id=849\">Compra e venda de im\u00f3veis<\/a><\/strong><br \/><strong>05. <a href=\"http:\/\/ambienteduran.eng.br\/?page_id=857\">LICENCIAMENTO AMBIENTAL<\/a><\/strong><br \/><strong>06. <a href=\"http:\/\/ambienteduran.eng.br\/?page_id=887\">CONCEITOS NO NOVO C\u00d3DIGO FLORESTAL &#8211; ILUSTRADO (Art. 3\u00ba Lei 12.651\/12)<\/a><\/strong><br \/><strong>07. <a href=\"http:\/\/ambienteduran.eng.br\/?page_id=905\">DA DELIMITA\u00c7\u00c3O E PROTE\u00c7\u00c3O DAS \u00c1REAS DE PRESERVA\u00c7\u00c3O PERMANENTE<\/a><\/strong><br \/><strong>08. <a href=\"http:\/\/ambienteduran.eng.br\/?page_id=922\">USO DO SOLO DO PARAN\u00c1 &#8211; MMA\/PROBIO\/2005<\/a><\/strong><\/p>\t\t\t\t\t\t<\/div>\n\t\t\t\t<\/div>\n\t\t\t\t\t<\/div>\n\t\t<\/div>\n\t\t\t\t\t\t\t<\/div>\n\t\t<\/section>\n\t\t\t\t\t\t\t<\/div>\n\t\t","protected":false},"excerpt":{"rendered":"<p>FORMUL\u00c1RIOS PARA LICENCIAMENTOS AMBIENTAIS #\u00a0RLA\u00a0&#8211; REQUERIMENTO DE LICENCIAMENTO AMBIENTAL#\u00a0RAF\u00a0&#8211; REQUERIMENTO DE AUTORIZA\u00c7\u00c3O FLORESTAL#\u00a0CEI\u00a0\u2013 CADASTRO DE EMPREENDIMENTO INDUSTRIAL#\u00a0CEC\u00a0&#8211; CADASTRO EMPREENDIMENTO CEMIT\u00c9RIO#\u00a0CCS\u00a0&#8211; CADASTRO DE EMPREENDIMENTOS COMERCIAIS E DE SERVI\u00c7OS#\u00a0CCR\u00a0&#8211; CADASTRO DE CARACTERIZA\u00c7\u00c3O DO RES\u00cdDUO#\u00a0CED\u00a0&#8211; CADASTRO DE EMPREENDIMENTOS DE DRENAGEM#\u00a0CSA\u00a0&#8211; CADASTRO DE EMPREENDIMENTOS DE SANEAMENTO &#8211; ETA e ETE#\u00a0CES\u00a0&#8211; CADASTRO DE EMPREENDIMENTOS DE SUINOCULTURA#\u00a0CEM\u00a0&#8211; CADASTRO DE EMPREENDIMENTOS MINER\u00c1RIOS#\u00a0CEV\u00a0&#8211; [&hellip;]<\/p>\n","protected":false},"author":1,"featured_media":0,"parent":974,"menu_order":0,"comment_status":"closed","ping_status":"closed","template":"elementor_header_footer","meta":{"footnotes":""},"class_list":["post-1087","page","type-page","status-publish","hentry"],"_links":{"self":[{"href":"https:\/\/ambienteduran.eng.br\/index.php?rest_route=\/wp\/v2\/pages\/1087","targetHints":{"allow":["GET"]}}],"collection":[{"href":"https:\/\/ambienteduran.eng.br\/index.php?rest_route=\/wp\/v2\/pages"}],"about":[{"href":"https:\/\/ambienteduran.eng.br\/index.php?rest_route=\/wp\/v2\/types\/page"}],"author":[{"embeddable":true,"href":"https:\/\/ambienteduran.eng.br\/index.php?rest_route=\/wp\/v2\/users\/1"}],"replies":[{"embeddable":true,"href":"https:\/\/ambienteduran.eng.br\/index.php?rest_route=%2Fwp%2Fv2%2Fcomments&post=1087"}],"version-history":[{"count":7,"href":"https:\/\/ambienteduran.eng.br\/index.php?rest_route=\/wp\/v2\/pages\/1087\/revisions"}],"predecessor-version":[{"id":1094,"href":"https:\/\/ambienteduran.eng.br\/index.php?rest_route=\/wp\/v2\/pages\/1087\/revisions\/1094"}],"up":[{"embeddable":true,"href":"https:\/\/ambienteduran.eng.br\/index.php?rest_route=\/wp\/v2\/pages\/974"}],"wp:attachment":[{"href":"https:\/\/ambienteduran.eng.br\/index.php?rest_route=%2Fwp%2Fv2%2Fmedia&parent=1087"}],"curies":[{"name":"wp","href":"https:\/\/api.w.org\/{rel}","templated":true}]}}