{"id":3125,"date":"2022-08-24T17:34:18","date_gmt":"2022-08-24T20:34:18","guid":{"rendered":"http:\/\/ambienteduran.eng.br\/?page_id=3125"},"modified":"2022-08-24T17:38:40","modified_gmt":"2022-08-24T20:38:40","slug":"geracao-de-energia-conceitos","status":"publish","type":"page","link":"https:\/\/ambienteduran.eng.br\/?page_id=3125","title":{"rendered":"Gera\u00e7\u00e3o de Energia &#8211; Conceitos"},"content":{"rendered":"\t\t<div data-elementor-type=\"wp-page\" data-elementor-id=\"3125\" class=\"elementor elementor-3125\">\n\t\t\t\t\t\t\t\t\t<section class=\"elementor-section elementor-top-section elementor-element elementor-element-25d42c2 elementor-section-boxed elementor-section-height-default elementor-section-height-default\" data-id=\"25d42c2\" data-element_type=\"section\">\n\t\t\t\t\t\t<div class=\"elementor-container elementor-column-gap-default\">\n\t\t\t\t\t<div class=\"elementor-column elementor-col-50 elementor-top-column elementor-element elementor-element-a108226\" data-id=\"a108226\" data-element_type=\"column\">\n\t\t\t<div class=\"elementor-widget-wrap elementor-element-populated\">\n\t\t\t\t\t\t\t\t<div class=\"elementor-element elementor-element-f711c35 elementor-widget elementor-widget-heading\" data-id=\"f711c35\" data-element_type=\"widget\" data-widget_type=\"heading.default\">\n\t\t\t\t<div class=\"elementor-widget-container\">\n\t\t\t<style>\/*! elementor - v3.7.1 - 14-08-2022 *\/\n.elementor-heading-title{padding:0;margin:0;line-height:1}.elementor-widget-heading .elementor-heading-title[class*=elementor-size-]>a{color:inherit;font-size:inherit;line-height:inherit}.elementor-widget-heading .elementor-heading-title.elementor-size-small{font-size:15px}.elementor-widget-heading .elementor-heading-title.elementor-size-medium{font-size:19px}.elementor-widget-heading .elementor-heading-title.elementor-size-large{font-size:29px}.elementor-widget-heading .elementor-heading-title.elementor-size-xl{font-size:39px}.elementor-widget-heading .elementor-heading-title.elementor-size-xxl{font-size:59px}<\/style><h2 class=\"elementor-heading-title elementor-size-default\">CONCEITOS GERAIS\n<\/h2>\t\t<\/div>\n\t\t\t\t<\/div>\n\t\t\t\t<div class=\"elementor-element elementor-element-7b70cf0 elementor-widget-divider--view-line elementor-widget elementor-widget-divider\" data-id=\"7b70cf0\" data-element_type=\"widget\" data-widget_type=\"divider.default\">\n\t\t\t\t<div class=\"elementor-widget-container\">\n\t\t\t<style>\/*! elementor - v3.7.1 - 14-08-2022 *\/\n.elementor-widget-divider{--divider-border-style:none;--divider-border-width:1px;--divider-color:#2c2c2c;--divider-icon-size:20px;--divider-element-spacing:10px;--divider-pattern-height:24px;--divider-pattern-size:20px;--divider-pattern-url:none;--divider-pattern-repeat:repeat-x}.elementor-widget-divider .elementor-divider{display:-webkit-box;display:-ms-flexbox;display:flex}.elementor-widget-divider .elementor-divider__text{font-size:15px;line-height:1;max-width:95%}.elementor-widget-divider .elementor-divider__element{margin:0 var(--divider-element-spacing);-ms-flex-negative:0;flex-shrink:0}.elementor-widget-divider .elementor-icon{font-size:var(--divider-icon-size)}.elementor-widget-divider .elementor-divider-separator{display:-webkit-box;display:-ms-flexbox;display:flex;margin:0;direction:ltr}.elementor-widget-divider--view-line_icon .elementor-divider-separator,.elementor-widget-divider--view-line_text .elementor-divider-separator{-webkit-box-align:center;-ms-flex-align:center;align-items:center}.elementor-widget-divider--view-line_icon .elementor-divider-separator:after,.elementor-widget-divider--view-line_icon .elementor-divider-separator:before,.elementor-widget-divider--view-line_text .elementor-divider-separator:after,.elementor-widget-divider--view-line_text .elementor-divider-separator:before{display:block;content:\"\";border-bottom:0;-webkit-box-flex:1;-ms-flex-positive:1;flex-grow:1;border-top:var(--divider-border-width) var(--divider-border-style) var(--divider-color)}.elementor-widget-divider--element-align-left .elementor-divider .elementor-divider-separator>.elementor-divider__svg:first-of-type{-webkit-box-flex:0;-ms-flex-positive:0;flex-grow:0;-ms-flex-negative:100;flex-shrink:100}.elementor-widget-divider--element-align-left .elementor-divider-separator:before{content:none}.elementor-widget-divider--element-align-left .elementor-divider__element{margin-left:0}.elementor-widget-divider--element-align-right .elementor-divider .elementor-divider-separator>.elementor-divider__svg:last-of-type{-webkit-box-flex:0;-ms-flex-positive:0;flex-grow:0;-ms-flex-negative:100;flex-shrink:100}.elementor-widget-divider--element-align-right .elementor-divider-separator:after{content:none}.elementor-widget-divider--element-align-right .elementor-divider__element{margin-right:0}.elementor-widget-divider:not(.elementor-widget-divider--view-line_text):not(.elementor-widget-divider--view-line_icon) .elementor-divider-separator{border-top:var(--divider-border-width) var(--divider-border-style) var(--divider-color)}.elementor-widget-divider--separator-type-pattern{--divider-border-style:none}.elementor-widget-divider--separator-type-pattern.elementor-widget-divider--view-line .elementor-divider-separator,.elementor-widget-divider--separator-type-pattern:not(.elementor-widget-divider--view-line) .elementor-divider-separator:after,.elementor-widget-divider--separator-type-pattern:not(.elementor-widget-divider--view-line) .elementor-divider-separator:before,.elementor-widget-divider--separator-type-pattern:not([class*=elementor-widget-divider--view]) .elementor-divider-separator{width:100%;min-height:var(--divider-pattern-height);-webkit-mask-size:var(--divider-pattern-size) 100%;mask-size:var(--divider-pattern-size) 100%;-webkit-mask-repeat:var(--divider-pattern-repeat);mask-repeat:var(--divider-pattern-repeat);background-color:var(--divider-color);-webkit-mask-image:var(--divider-pattern-url);mask-image:var(--divider-pattern-url)}.elementor-widget-divider--no-spacing{--divider-pattern-size:auto}.elementor-widget-divider--bg-round{--divider-pattern-repeat:round}.rtl .elementor-widget-divider .elementor-divider__text{direction:rtl}.e-container>.elementor-widget-divider{width:var(--container-widget-width,100%);-webkit-box-flex:1;-ms-flex-positive:1;flex-grow:1}<\/style>\t\t<div class=\"elementor-divider\">\n\t\t\t<span class=\"elementor-divider-separator\">\n\t\t\t\t\t\t<\/span>\n\t\t<\/div>\n\t\t\t\t<\/div>\n\t\t\t\t<\/div>\n\t\t\t\t<div class=\"elementor-element elementor-element-ef19167 elementor-widget elementor-widget-text-editor\" data-id=\"ef19167\" data-element_type=\"widget\" data-widget_type=\"text-editor.default\">\n\t\t\t\t<div class=\"elementor-widget-container\">\n\t\t\t<style>\/*! elementor - v3.7.1 - 14-08-2022 *\/\n.elementor-widget-text-editor.elementor-drop-cap-view-stacked .elementor-drop-cap{background-color:#818a91;color:#fff}.elementor-widget-text-editor.elementor-drop-cap-view-framed .elementor-drop-cap{color:#818a91;border:3px solid;background-color:transparent}.elementor-widget-text-editor:not(.elementor-drop-cap-view-default) .elementor-drop-cap{margin-top:8px}.elementor-widget-text-editor:not(.elementor-drop-cap-view-default) .elementor-drop-cap-letter{width:1em;height:1em}.elementor-widget-text-editor .elementor-drop-cap{float:left;text-align:center;line-height:1;font-size:50px}.elementor-widget-text-editor .elementor-drop-cap-letter{display:inline-block}<\/style>\t\t\t\t<p><strong>\u25ba AVALIA\u00c7\u00c3O DE IMPACTOS AMBIENTAIS &#8211; AIA\u00a0 \u2013 \u00e9 um dos instrumentos da pol\u00edtica nacional do meio ambiente de car\u00e1ter preventivo e o seu objetivo \u00e9 subsidiar o \u00f3rg\u00e3o ambiental respons\u00e1vel pela gest\u00e3o ambiental na tomada de decis\u00f5es. \u00c9 Composta de 2 (duas) vertentes:<\/strong><br \/><strong>\u00a0\u00a0\u00a0\u00a0\u00a0\u00a0\u00a0\u00a0\u00a0\u00a0\u00a0\u00a0\u00a0\u00a0\u00a0\u00a0\u00a0\u2022 Vertente t\u00e9cnico-cient\u00edfico:\u00a0Expressa atrav\u00e9s do Estudo de Impacto Ambiental, com m\u00e9todos, t\u00e9cnicas e pesquisas necess\u00e1rias, a identifica\u00e7\u00e3o dos impactos ambientais significativos, avalia\u00e7\u00e3o das alternativas locacionais e tecnol\u00f3gicas, identifica\u00e7\u00e3o das medidas mitigadoras e das medidas compensat\u00f3rias dos impactos negativos e a potencializa\u00e7\u00e3o dos impactos positivos;<\/strong><br \/><strong>\u00a0\u00a0\u00a0\u00a0\u00a0\u00a0\u00a0\u00a0\u00a0\u00a0\u00a0\u00a0\u00a0\u00a0\u00a0\u00a0\u00a0\u2022\u00a0Vertente pol\u00edtico-legal-institucional: envolve articula\u00e7\u00e3o entre diversos setores governamentais e a participa\u00e7\u00e3o da popula\u00e7\u00e3o para tomada de decis\u00f5es;<\/strong><\/p><p><strong>\u25ba ESTUDO DE IMPACTO AMBIENTAL &#8211; EIA\u00a0\u2013 \u00e9 o instrumento de avalia\u00e7\u00e3o dos impactos ambientais decorrentes da implanta\u00e7\u00e3o de atividades modificadoras do meio ambiente, elaborado por equipe multidisciplinar e utilizado para avaliar a viabilidade ambiental do empreendimento atrav\u00e9s do diagn\u00f3stico ambiental da \u00e1rea de influ\u00eancia (meio f\u00edsico, meio bi\u00f3tico e meio s\u00f3cio-econ\u00f4mico), da an\u00e1lise dos impactos decorrentes da atividade, da defini\u00e7\u00e3o das medidas mitigadoras e compensat\u00f3rias e da elabora\u00e7\u00e3o de programas de acompanhamento e monitoramento dos impactos ambientais identificados.<\/strong><\/p><p><strong>\u25ba RELAT\u00d3RIO DE IMPACTO AMBIENTAL &#8211; RIMA\u00a0\u2013\u00a0 \u00e9 o instrumento que tem a finalidade de apresentar aos interessados a s\u00edntese do Estudo de Impacto Ambiental &#8211; EIA, de forma objetiva e adequada \u00e0 compreens\u00e3o, atrav\u00e9s de linguagem acess\u00edvel e ilustrado por t\u00e9cnicas de comunica\u00e7\u00e3o visual de modo que se possa entender as vantagens e desvantagens do projeto, bem como todas as conseq\u00fc\u00eancias ambientais decorrentes da sua implanta\u00e7\u00e3o. Deve ser apresentado em volume separado do EIA.<\/strong><\/p><p><strong>\u25ba PROJETO B\u00c1SICO AMBIENTAL &#8211; PBA\u00a0&#8211; \u00e9 o estudo ambiental complementar que apresenta, detalhadamente, todas as medidas mitigadoras, compensat\u00f3rias e os programas ambientais propostos no EIA\/RIMA.<\/strong><\/p><p><strong>\u25ba RELAT\u00d3RIO AMBIENTAL SIMPLIFICADO &#8211; RAS\u00a0\u2013 \u00e9 o estudo relativo aos aspectos ambientais relacionados \u00e0 localiza\u00e7\u00e3o, instala\u00e7\u00e3o, opera\u00e7\u00e3o e amplia\u00e7\u00e3o de uma atividade ou empreendimento, apresentados como subs\u00eddio para a concess\u00e3o da licen\u00e7a pr\u00e9via requerida, que conter\u00e1, dentre outras, as informa\u00e7\u00f5es relativas ao diagn\u00f3stico ambiental da regi\u00e3o de inser\u00e7\u00e3o do empreendimento, sua caracteriza\u00e7\u00e3o, a identifica\u00e7\u00e3o dos impactos ambientais e das medidas de controle, de mitiga\u00e7\u00e3o e de compensa\u00e7\u00e3o.<\/strong><\/p><p><strong>\u25ba RELAT\u00d3RIO DE DETALHAMENTO DOS PROGRAMAS AMBIENTAIS &#8211; RDPA\u00a0\u2013 o documento que apresenta, detalhadamente, todas as medidas mitigadoras e compensat\u00f3rias e os programas ambientais propostos no RAS.<\/strong><\/p><p><strong>\u25ba\u00a0ESTUDOS AMBIENTAIS COMPLEMENTARES\u00a0&#8211; s\u00e3o todos e quaisquer estudos solicitados pelo \u00f3rg\u00e3o ambiental afim de subsidiar o processo de licenciamento ambiental, solicitados conforme as particularidades de cada atividade.<\/strong><\/p><p><strong>\u25ba REUNI\u00c3O T\u00c9CNICA INFORMATIVA\u00a0\u2013 Reuni\u00e3o promovida pelo \u00f3rg\u00e3o ambiental competente, \u00e0s expensas do empreendedor, para apresenta\u00e7\u00e3o e discuss\u00e3o do Relat\u00f3rio Ambiental Simplificado, Relat\u00f3rio de Detalhamento dos Programas Ambientais e demais informa\u00e7\u00f5es, garantidas a consulta e participa\u00e7\u00e3o p\u00fablica.<\/strong><\/p><p><strong>\u25ba REUNI\u00c3O DE INFORMA\u00c7\u00c3O P\u00daBLICA\u00a0&#8211; consiste na comunica\u00e7\u00e3o social \u00e0 popula\u00e7\u00e3o diretamente afetada, aos diversos setores da sociedade civil e \u00e0s diversas inst\u00e2ncias do Poder P\u00fablico, convocada pelo empreendedor, pelo \u00f3rg\u00e3o ambiental e pelas prefeituras, com o objetivo de informar aos interessados sobre as caracter\u00edsticas gerais do projeto e dos estudos ambientais elaborados, cabendo ao \u00f3rg\u00e3o ambiental apresentar os m\u00e9todos e fases de participa\u00e7\u00e3o p\u00fablica para cada etapa do licenciamento ambiental.<\/strong><\/p><p><strong>\u25ba AUDI\u00caNCIA P\u00daBLICA\u00a0&#8211; constitui-se em procedimento de consulta \u00e0 sociedade, ou a grupos sociais interessados em determinado problema ambiental ou potencialmente afetado por um projeto, a respeito de seus interesses espec\u00edficos e da qualidade ambiental por eles preconizada. Reuni\u00e3o promovida pelo \u00f3rg\u00e3o ambiental competente, nos moldes da Resolu\u00e7\u00e3o CONAMA n\u00ba 09\/87 \u00e0s expensas do empreendedor, para apresenta\u00e7\u00e3o e discuss\u00e3o do EIA, o seu respectivo RIMA e demais informa\u00e7\u00f5es, garantidas a consulta e participa\u00e7\u00e3o p\u00fablica.<\/strong><\/p><p><strong>\u25ba\u00a0LICEN\u00c7A PR\u00c9VIA &#8211; LP\u00a0\u2013 concedida na fase preliminar de planejamento do empreendimento ou atividade, aprova sua localiza\u00e7\u00e3o e concep\u00e7\u00e3o, atesta a viabilidade ambiental e estabelece os requisitos b\u00e1sicos e condicionantes a serem atendidos nas fases seguintes da implanta\u00e7\u00e3o;<\/strong><\/p><p><strong>\u25ba LICEN\u00c7A DE INSTALA\u00c7\u00c3O &#8211; LI\u00a0\u2013 autoriza a instala\u00e7\u00e3o do empreendimento ou atividade de acordo com as especifica\u00e7\u00f5es dos planos, programas e projetos aprovados, incluindo as medidas de controle ambiental e as demais condicionantes;<\/strong><\/p><p><strong>\u25ba LICEN\u00c7A DE OPERA\u00c7\u00c3O &#8211; LO\u00a0\u2013 autoriza a opera\u00e7\u00e3o da atividade ou empreendimento ap\u00f3s a verifica\u00e7\u00e3o do cumprimento das exig\u00eancias das licen\u00e7as anteriores, conforme as medidas de controle ambiental e condicionantes determinadas para a opera\u00e7\u00e3o.<\/strong><\/p><p><strong>\u25ba LICEN\u00c7A AMBIENTAL SIMPLIFICADA \u2013 LAS\u00a0\u2013 aprova a localiza\u00e7\u00e3o e a concep\u00e7\u00e3o do empreendimento, atividade ou obra de pequeno porte e\/ou que possua baixo potencial poluidor\/degradador, atestando a viabilidade ambiental e estabelecendo os requisitos b\u00e1sicos e condicionantes a serem atendidos bem como autoriza sua instala\u00e7\u00e3o e opera\u00e7\u00e3o de acordo com as especifica\u00e7\u00f5es constantes dos requerimentos, planos, programas e\/ou projetos aprovados, incluindo as medidas de controle ambiental e demais condicionantes determinadas pelo IAP.<\/strong><\/p>\t\t\t\t\t\t<\/div>\n\t\t\t\t<\/div>\n\t\t\t\t<div class=\"elementor-element elementor-element-8ef5b63 elementor-widget-divider--view-line elementor-widget elementor-widget-divider\" data-id=\"8ef5b63\" data-element_type=\"widget\" data-widget_type=\"divider.default\">\n\t\t\t\t<div class=\"elementor-widget-container\">\n\t\t\t\t\t<div class=\"elementor-divider\">\n\t\t\t<span class=\"elementor-divider-separator\">\n\t\t\t\t\t\t<\/span>\n\t\t<\/div>\n\t\t\t\t<\/div>\n\t\t\t\t<\/div>\n\t\t\t\t\t<\/div>\n\t\t<\/div>\n\t\t\t\t<div class=\"elementor-column elementor-col-50 elementor-top-column elementor-element elementor-element-6bc0e53\" data-id=\"6bc0e53\" data-element_type=\"column\">\n\t\t\t<div class=\"elementor-widget-wrap elementor-element-populated\">\n\t\t\t\t\t\t\t\t<div class=\"elementor-element elementor-element-4dc1be7 elementor-widget elementor-widget-heading\" data-id=\"4dc1be7\" data-element_type=\"widget\" data-widget_type=\"heading.default\">\n\t\t\t\t<div class=\"elementor-widget-container\">\n\t\t\t<h2 class=\"elementor-heading-title elementor-size-default\">MAIS LIDAS\n<\/h2>\t\t<\/div>\n\t\t\t\t<\/div>\n\t\t\t\t<div class=\"elementor-element elementor-element-32c872d elementor-widget-divider--view-line elementor-widget elementor-widget-divider\" data-id=\"32c872d\" data-element_type=\"widget\" data-widget_type=\"divider.default\">\n\t\t\t\t<div class=\"elementor-widget-container\">\n\t\t\t\t\t<div class=\"elementor-divider\">\n\t\t\t<span class=\"elementor-divider-separator\">\n\t\t\t\t\t\t<\/span>\n\t\t<\/div>\n\t\t\t\t<\/div>\n\t\t\t\t<\/div>\n\t\t\t\t<div class=\"elementor-element elementor-element-e11675e elementor-widget elementor-widget-text-editor\" data-id=\"e11675e\" data-element_type=\"widget\" data-widget_type=\"text-editor.default\">\n\t\t\t\t<div class=\"elementor-widget-container\">\n\t\t\t\t\t\t\t<p><strong>01. <a href=\"http:\/\/ambienteduran.eng.br\/?page_id=790\">Consultoria Ambiental<\/a><\/strong><br \/><strong>02. <a href=\"http:\/\/ambienteduran.eng.br\/?page_id=802\">NOSSOS CONTATOS<\/a><\/strong><br \/><strong>03. <a href=\"http:\/\/ambienteduran.eng.br\/?page_id=835\">Compensa\u00e7\u00e3o Ambiental &#8211; im\u00f3veis urbanos<\/a><\/strong><br \/><strong>04. <a href=\"http:\/\/ambienteduran.eng.br\/?page_id=849\">Compra e venda de im\u00f3veis<\/a><\/strong><br \/><strong>05. <a href=\"http:\/\/ambienteduran.eng.br\/?page_id=857\">LICENCIAMENTO AMBIENTAL<\/a><\/strong><br \/><strong>06. <a href=\"http:\/\/ambienteduran.eng.br\/?page_id=887\">CONCEITOS NO NOVO C\u00d3DIGO FLORESTAL &#8211; ILUSTRADO (Art. 3\u00ba Lei 12.651\/12)<\/a><\/strong><br \/><strong>07. <a href=\"http:\/\/ambienteduran.eng.br\/?page_id=905\">DA DELIMITA\u00c7\u00c3O E PROTE\u00c7\u00c3O DAS \u00c1REAS DE PRESERVA\u00c7\u00c3O PERMANENTE<\/a><\/strong><br \/><strong>08. <a href=\"http:\/\/ambienteduran.eng.br\/?page_id=922\">USO DO SOLO DO PARAN\u00c1 &#8211; MMA\/PROBIO\/2005<\/a><\/strong><\/p>\t\t\t\t\t\t<\/div>\n\t\t\t\t<\/div>\n\t\t\t\t\t<\/div>\n\t\t<\/div>\n\t\t\t\t\t\t\t<\/div>\n\t\t<\/section>\n\t\t\t\t\t\t\t<\/div>\n\t\t","protected":false},"excerpt":{"rendered":"<p>CONCEITOS GERAIS \u25ba AVALIA\u00c7\u00c3O DE IMPACTOS AMBIENTAIS &#8211; AIA\u00a0 \u2013 \u00e9 um dos instrumentos da pol\u00edtica nacional do meio ambiente de car\u00e1ter preventivo e o seu objetivo \u00e9 subsidiar o \u00f3rg\u00e3o ambiental respons\u00e1vel pela gest\u00e3o ambiental na tomada de decis\u00f5es. \u00c9 Composta de 2 (duas) vertentes:\u00a0\u00a0\u00a0\u00a0\u00a0\u00a0\u00a0\u00a0\u00a0\u00a0\u00a0\u00a0\u00a0\u00a0\u00a0\u00a0\u00a0\u2022 Vertente t\u00e9cnico-cient\u00edfico:\u00a0Expressa atrav\u00e9s do Estudo de Impacto Ambiental, com [&hellip;]<\/p>\n","protected":false},"author":1,"featured_media":0,"parent":3097,"menu_order":0,"comment_status":"closed","ping_status":"closed","template":"elementor_header_footer","meta":{"footnotes":""},"class_list":["post-3125","page","type-page","status-publish","hentry"],"_links":{"self":[{"href":"https:\/\/ambienteduran.eng.br\/index.php?rest_route=\/wp\/v2\/pages\/3125","targetHints":{"allow":["GET"]}}],"collection":[{"href":"https:\/\/ambienteduran.eng.br\/index.php?rest_route=\/wp\/v2\/pages"}],"about":[{"href":"https:\/\/ambienteduran.eng.br\/index.php?rest_route=\/wp\/v2\/types\/page"}],"author":[{"embeddable":true,"href":"https:\/\/ambienteduran.eng.br\/index.php?rest_route=\/wp\/v2\/users\/1"}],"replies":[{"embeddable":true,"href":"https:\/\/ambienteduran.eng.br\/index.php?rest_route=%2Fwp%2Fv2%2Fcomments&post=3125"}],"version-history":[{"count":7,"href":"https:\/\/ambienteduran.eng.br\/index.php?rest_route=\/wp\/v2\/pages\/3125\/revisions"}],"predecessor-version":[{"id":3140,"href":"https:\/\/ambienteduran.eng.br\/index.php?rest_route=\/wp\/v2\/pages\/3125\/revisions\/3140"}],"up":[{"embeddable":true,"href":"https:\/\/ambienteduran.eng.br\/index.php?rest_route=\/wp\/v2\/pages\/3097"}],"wp:attachment":[{"href":"https:\/\/ambienteduran.eng.br\/index.php?rest_route=%2Fwp%2Fv2%2Fmedia&parent=3125"}],"curies":[{"name":"wp","href":"https:\/\/api.w.org\/{rel}","templated":true}]}}