{"id":4181,"date":"2022-08-26T15:48:40","date_gmt":"2022-08-26T18:48:40","guid":{"rendered":"http:\/\/ambienteduran.eng.br\/?page_id=4181"},"modified":"2022-08-26T15:50:59","modified_gmt":"2022-08-26T18:50:59","slug":"pcpv-leg","status":"publish","type":"page","link":"https:\/\/ambienteduran.eng.br\/?page_id=4181","title":{"rendered":"PCPV &#8211; LEG"},"content":{"rendered":"\t\t<div data-elementor-type=\"wp-page\" data-elementor-id=\"4181\" class=\"elementor elementor-4181\">\n\t\t\t\t\t\t\t\t\t<section class=\"elementor-section elementor-top-section elementor-element elementor-element-25d42c2 elementor-section-boxed elementor-section-height-default elementor-section-height-default\" data-id=\"25d42c2\" data-element_type=\"section\">\n\t\t\t\t\t\t<div class=\"elementor-container elementor-column-gap-default\">\n\t\t\t\t\t<div class=\"elementor-column elementor-col-50 elementor-top-column elementor-element elementor-element-a108226\" data-id=\"a108226\" data-element_type=\"column\">\n\t\t\t<div class=\"elementor-widget-wrap elementor-element-populated\">\n\t\t\t\t\t\t\t\t<div class=\"elementor-element elementor-element-f711c35 elementor-widget elementor-widget-heading\" data-id=\"f711c35\" data-element_type=\"widget\" data-widget_type=\"heading.default\">\n\t\t\t\t<div class=\"elementor-widget-container\">\n\t\t\t<style>\/*! elementor - v3.7.1 - 14-08-2022 *\/\n.elementor-heading-title{padding:0;margin:0;line-height:1}.elementor-widget-heading .elementor-heading-title[class*=elementor-size-]>a{color:inherit;font-size:inherit;line-height:inherit}.elementor-widget-heading .elementor-heading-title.elementor-size-small{font-size:15px}.elementor-widget-heading .elementor-heading-title.elementor-size-medium{font-size:19px}.elementor-widget-heading .elementor-heading-title.elementor-size-large{font-size:29px}.elementor-widget-heading .elementor-heading-title.elementor-size-xl{font-size:39px}.elementor-widget-heading .elementor-heading-title.elementor-size-xxl{font-size:59px}<\/style><h2 class=\"elementor-heading-title elementor-size-default\">PLANO DE CONTROLE DE POLUI\u00c7\u00c3O VEICULAR - LEG\n<\/h2>\t\t<\/div>\n\t\t\t\t<\/div>\n\t\t\t\t<div class=\"elementor-element elementor-element-7b70cf0 elementor-widget-divider--view-line elementor-widget elementor-widget-divider\" data-id=\"7b70cf0\" data-element_type=\"widget\" data-widget_type=\"divider.default\">\n\t\t\t\t<div class=\"elementor-widget-container\">\n\t\t\t<style>\/*! elementor - v3.7.1 - 14-08-2022 *\/\n.elementor-widget-divider{--divider-border-style:none;--divider-border-width:1px;--divider-color:#2c2c2c;--divider-icon-size:20px;--divider-element-spacing:10px;--divider-pattern-height:24px;--divider-pattern-size:20px;--divider-pattern-url:none;--divider-pattern-repeat:repeat-x}.elementor-widget-divider .elementor-divider{display:-webkit-box;display:-ms-flexbox;display:flex}.elementor-widget-divider .elementor-divider__text{font-size:15px;line-height:1;max-width:95%}.elementor-widget-divider .elementor-divider__element{margin:0 var(--divider-element-spacing);-ms-flex-negative:0;flex-shrink:0}.elementor-widget-divider .elementor-icon{font-size:var(--divider-icon-size)}.elementor-widget-divider .elementor-divider-separator{display:-webkit-box;display:-ms-flexbox;display:flex;margin:0;direction:ltr}.elementor-widget-divider--view-line_icon .elementor-divider-separator,.elementor-widget-divider--view-line_text .elementor-divider-separator{-webkit-box-align:center;-ms-flex-align:center;align-items:center}.elementor-widget-divider--view-line_icon .elementor-divider-separator:after,.elementor-widget-divider--view-line_icon .elementor-divider-separator:before,.elementor-widget-divider--view-line_text .elementor-divider-separator:after,.elementor-widget-divider--view-line_text .elementor-divider-separator:before{display:block;content:\"\";border-bottom:0;-webkit-box-flex:1;-ms-flex-positive:1;flex-grow:1;border-top:var(--divider-border-width) var(--divider-border-style) var(--divider-color)}.elementor-widget-divider--element-align-left .elementor-divider .elementor-divider-separator>.elementor-divider__svg:first-of-type{-webkit-box-flex:0;-ms-flex-positive:0;flex-grow:0;-ms-flex-negative:100;flex-shrink:100}.elementor-widget-divider--element-align-left .elementor-divider-separator:before{content:none}.elementor-widget-divider--element-align-left .elementor-divider__element{margin-left:0}.elementor-widget-divider--element-align-right .elementor-divider .elementor-divider-separator>.elementor-divider__svg:last-of-type{-webkit-box-flex:0;-ms-flex-positive:0;flex-grow:0;-ms-flex-negative:100;flex-shrink:100}.elementor-widget-divider--element-align-right .elementor-divider-separator:after{content:none}.elementor-widget-divider--element-align-right .elementor-divider__element{margin-right:0}.elementor-widget-divider:not(.elementor-widget-divider--view-line_text):not(.elementor-widget-divider--view-line_icon) .elementor-divider-separator{border-top:var(--divider-border-width) var(--divider-border-style) var(--divider-color)}.elementor-widget-divider--separator-type-pattern{--divider-border-style:none}.elementor-widget-divider--separator-type-pattern.elementor-widget-divider--view-line .elementor-divider-separator,.elementor-widget-divider--separator-type-pattern:not(.elementor-widget-divider--view-line) .elementor-divider-separator:after,.elementor-widget-divider--separator-type-pattern:not(.elementor-widget-divider--view-line) .elementor-divider-separator:before,.elementor-widget-divider--separator-type-pattern:not([class*=elementor-widget-divider--view]) .elementor-divider-separator{width:100%;min-height:var(--divider-pattern-height);-webkit-mask-size:var(--divider-pattern-size) 100%;mask-size:var(--divider-pattern-size) 100%;-webkit-mask-repeat:var(--divider-pattern-repeat);mask-repeat:var(--divider-pattern-repeat);background-color:var(--divider-color);-webkit-mask-image:var(--divider-pattern-url);mask-image:var(--divider-pattern-url)}.elementor-widget-divider--no-spacing{--divider-pattern-size:auto}.elementor-widget-divider--bg-round{--divider-pattern-repeat:round}.rtl .elementor-widget-divider .elementor-divider__text{direction:rtl}.e-container>.elementor-widget-divider{width:var(--container-widget-width,100%);-webkit-box-flex:1;-ms-flex-positive:1;flex-grow:1}<\/style>\t\t<div class=\"elementor-divider\">\n\t\t\t<span class=\"elementor-divider-separator\">\n\t\t\t\t\t\t<\/span>\n\t\t<\/div>\n\t\t\t\t<\/div>\n\t\t\t\t<\/div>\n\t\t\t\t<div class=\"elementor-element elementor-element-ef19167 elementor-widget elementor-widget-text-editor\" data-id=\"ef19167\" data-element_type=\"widget\" data-widget_type=\"text-editor.default\">\n\t\t\t\t<div class=\"elementor-widget-container\">\n\t\t\t<style>\/*! elementor - v3.7.1 - 14-08-2022 *\/\n.elementor-widget-text-editor.elementor-drop-cap-view-stacked .elementor-drop-cap{background-color:#818a91;color:#fff}.elementor-widget-text-editor.elementor-drop-cap-view-framed .elementor-drop-cap{color:#818a91;border:3px solid;background-color:transparent}.elementor-widget-text-editor:not(.elementor-drop-cap-view-default) .elementor-drop-cap{margin-top:8px}.elementor-widget-text-editor:not(.elementor-drop-cap-view-default) .elementor-drop-cap-letter{width:1em;height:1em}.elementor-widget-text-editor .elementor-drop-cap{float:left;text-align:center;line-height:1;font-size:50px}.elementor-widget-text-editor .elementor-drop-cap-letter{display:inline-block}<\/style>\t\t\t\t<p><strong>\u25ba\u00a0<\/strong><a href=\"http:\/\/www.mma.gov.br\/port\/conama\/legiabre.cfm?codlegi=81\" target=\"_blank\" rel=\"noopener\"><strong>Resolu\u00e7\u00e3o CONAMA 05, de 15 de junho de 1989<\/strong><\/a><strong>\u00a0&#8211; Disp\u00f5e sobre o Programa Nacional de Controle da Polui\u00e7\u00e3o do Ar \u2013 PRONAR<\/strong><br \/>\u25ba<strong><a href=\"http:\/\/www.mma.gov.br\/port\/conama\/legiabre.cfm?codlegi=100\" target=\"_blank\" rel=\"noopener\">Resolu\u00e7\u00e3o CONAMA 03, de 28 de junho de 1990<\/a>\u00a0&#8211; Disp\u00f5e sobre padr\u00f5es de qualidade do ar, previstos no PRONAR<\/strong><br \/>\u25ba\u00a0<strong><a href=\"http:\/\/www.mma.gov.br\/port\/conama\/legiabre.cfm?codlegi=270\" target=\"_blank\" rel=\"noopener\">Resolu\u00e7\u00e3o CONAMA 272, de 14 de setembro de 2000<\/a>\u00a0&#8211; Disp\u00f5e sobre os limites m\u00e1ximos de ru\u00eddo para os ve\u00edculos nacionais e importados em acelera\u00e7\u00e3o, exceto motocicletas, motonetas, ciclomotores e ve\u00edculos assemelhados<br \/>\u25ba\u00a0<a href=\"http:\/\/www.mma.gov.br\/port\/conama\/legiabre.cfm?codlegi=294\" target=\"_blank\" rel=\"noopener\">Resolu\u00e7\u00e3o CONAMA 297, de 26 de fevereiro de 2002<\/a>\u00a0&#8211; Estabelece os limites para emiss\u00f5es de gases poluentes por ciclomotores, motociclos e ve\u00edculos similares novos<br \/>\u25ba\u00a0<a href=\"http:\/\/www.mma.gov.br\/port\/conama\/legiabre.cfm?codlegi=416\" target=\"_blank\" rel=\"noopener\">Resolu\u00e7\u00e3o CONAMA 342, de 25 de setembro de 2003<\/a>\u00a0&#8211; Estabelece novos limites para emiss\u00f5es de gases poluentes por ciclomotores, motociclos e ve\u00edculos similares novos, em observ\u00e2ncia \u00e0 Resolu\u00e7\u00e3o n\u00ba 297, de 26 de fevereiro de 2002, e d\u00e1 outras provid\u00eancias<br \/>\u25ba\u00a0<a href=\"http:\/\/www.mma.gov.br\/port\/conama\/legiabre.cfm?codlegi=618\" target=\"_blank\" rel=\"noopener\">Resolu\u00e7\u00e3o 418, de 25 de novembro de 2009<\/a>\u00a0&#8211; Disp\u00f5e sobre crit\u00e9rios para a elabora\u00e7\u00e3o de Planos de Controle de Polui\u00e7\u00e3o Veicular &#8211; PCPV e para a implanta\u00e7\u00e3o de Programas de Inspe\u00e7\u00e3o e Manuten\u00e7\u00e3o de Ve\u00edculos em Uso &#8211; I\/M pelos \u00f3rg\u00e3os estaduais e municipais de meio ambiente e determina novos limites de emiss\u00e3o e procedimentos para a avalia\u00e7\u00e3o do estado de manuten\u00e7\u00e3o de ve\u00edculos em uso<br \/>\u25ba\u00a0<a href=\"http:\/\/ambienteduran.eng.br\/wp-content\/uploads\/2022\/08\/INSTRUCAO_NORMATIVA_IBAMA_06_2010_PCPV.pdf\" target=\"_blank\" rel=\"noopener\">INSTRU\u00c7\u00c3O NORMATIVA IBAMA 6, DE 8 DE JUNHO DE 2010<\/a>\u00a0&#8211; Estabelece os requisitos t\u00e9cnicos para regulamentar os procedimentos para avalia\u00e7\u00e3o do estado de manuten\u00e7\u00e3o dos ve\u00edculos em uso<br \/>\u25ba\u00a0<a href=\"http:\/\/ambienteduran.eng.br\/wp-content\/uploads\/2022\/08\/RESOLUCAO_SEMA_54_2006.pdf\" target=\"_blank\" rel=\"noopener\">Resolu\u00e7\u00e3o SEMA 54, de 22 de dezembro de 2006<\/a>\u00a0&#8211; define crit\u00e9rios para o Controle da Qualidade do Ar como um dos instrumentos b\u00e1sicos da gest\u00e3o ambiental para prote\u00e7\u00e3o da sa\u00fade e bem estar da popula\u00e7\u00e3o e melhoria da qualidade de vida, com o objetivo de permitir o desenvolvimento econ\u00f4mico e social do Estado de forma ambientalmente segura, e d\u00e1 outras providencias.<br \/>\u25ba\u00a0<a href=\"http:\/\/www.legislacao.pr.gov.br\/legislacao\/listarAtosAno.do?action=exibir&amp;codAto=59953&amp;indice=1&amp;anoSpan=2011&amp;anoSelecionado=2010&amp;isPaginado=true\" target=\"_blank\" rel=\"noopener\">Resolu\u00e7\u00e3o SEMA 66, de 25 de novembro de 2010<\/a>\u00a0&#8211; Disp\u00f5e sobre a aprova\u00e7\u00e3o e publicidade do Plano de Controle de Polui\u00e7\u00e3o Veicular \u2013 PCPV<br \/>\u25ba\u00a0<a href=\"http:\/\/www.cema.pr.gov.br\/arquivos\/File\/PCPV_Estado_do_Parana.pdf\" target=\"_blank\" rel=\"noopener\">Plano de Controle de Polui\u00e7\u00e3o Veicular &#8211; PCPV<\/a>\u00a0&#8211; estabelece efetivamente o Plano para o Estado do Paran\u00e1<\/strong><\/p>\t\t\t\t\t\t<\/div>\n\t\t\t\t<\/div>\n\t\t\t\t<div class=\"elementor-element elementor-element-57d3cc9 elementor-widget elementor-widget-text-editor\" data-id=\"57d3cc9\" data-element_type=\"widget\" data-widget_type=\"text-editor.default\">\n\t\t\t\t<div class=\"elementor-widget-container\">\n\t\t\t\t\t\t\t<p><strong><a href=\"http:\/\/ambienteduran.eng.br\/?page_id=4176\">DEMAIS INFORMA\u00c7\u00d5ES<\/a><\/strong><\/p>\t\t\t\t\t\t<\/div>\n\t\t\t\t<\/div>\n\t\t\t\t<div class=\"elementor-element elementor-element-8ef5b63 elementor-widget-divider--view-line elementor-widget elementor-widget-divider\" data-id=\"8ef5b63\" data-element_type=\"widget\" data-widget_type=\"divider.default\">\n\t\t\t\t<div class=\"elementor-widget-container\">\n\t\t\t\t\t<div class=\"elementor-divider\">\n\t\t\t<span class=\"elementor-divider-separator\">\n\t\t\t\t\t\t<\/span>\n\t\t<\/div>\n\t\t\t\t<\/div>\n\t\t\t\t<\/div>\n\t\t\t\t\t<\/div>\n\t\t<\/div>\n\t\t\t\t<div class=\"elementor-column elementor-col-50 elementor-top-column elementor-element elementor-element-6bc0e53\" data-id=\"6bc0e53\" data-element_type=\"column\">\n\t\t\t<div class=\"elementor-widget-wrap elementor-element-populated\">\n\t\t\t\t\t\t\t\t<div class=\"elementor-element elementor-element-4dc1be7 elementor-widget elementor-widget-heading\" data-id=\"4dc1be7\" data-element_type=\"widget\" data-widget_type=\"heading.default\">\n\t\t\t\t<div class=\"elementor-widget-container\">\n\t\t\t<h2 class=\"elementor-heading-title elementor-size-default\">MAIS LIDAS\n<\/h2>\t\t<\/div>\n\t\t\t\t<\/div>\n\t\t\t\t<div class=\"elementor-element elementor-element-32c872d elementor-widget-divider--view-line elementor-widget elementor-widget-divider\" data-id=\"32c872d\" data-element_type=\"widget\" data-widget_type=\"divider.default\">\n\t\t\t\t<div class=\"elementor-widget-container\">\n\t\t\t\t\t<div class=\"elementor-divider\">\n\t\t\t<span class=\"elementor-divider-separator\">\n\t\t\t\t\t\t<\/span>\n\t\t<\/div>\n\t\t\t\t<\/div>\n\t\t\t\t<\/div>\n\t\t\t\t<div class=\"elementor-element elementor-element-e11675e elementor-widget elementor-widget-text-editor\" data-id=\"e11675e\" data-element_type=\"widget\" data-widget_type=\"text-editor.default\">\n\t\t\t\t<div class=\"elementor-widget-container\">\n\t\t\t\t\t\t\t<p><strong>01. <a href=\"http:\/\/ambienteduran.eng.br\/?page_id=790\">Consultoria Ambiental<\/a><\/strong><br \/><strong>02. <a href=\"http:\/\/ambienteduran.eng.br\/?page_id=802\">NOSSOS CONTATOS<\/a><\/strong><br \/><strong>03. <a href=\"http:\/\/ambienteduran.eng.br\/?page_id=835\">Compensa\u00e7\u00e3o Ambiental &#8211; im\u00f3veis urbanos<\/a><\/strong><br \/><strong>04. <a href=\"http:\/\/ambienteduran.eng.br\/?page_id=849\">Compra e venda de im\u00f3veis<\/a><\/strong><br \/><strong>05. <a href=\"http:\/\/ambienteduran.eng.br\/?page_id=857\">LICENCIAMENTO AMBIENTAL<\/a><\/strong><br \/><strong>06. <a href=\"http:\/\/ambienteduran.eng.br\/?page_id=887\">CONCEITOS NO NOVO C\u00d3DIGO FLORESTAL &#8211; ILUSTRADO (Art. 3\u00ba Lei 12.651\/12)<\/a><\/strong><br \/><strong>07. <a href=\"http:\/\/ambienteduran.eng.br\/?page_id=905\">DA DELIMITA\u00c7\u00c3O E PROTE\u00c7\u00c3O DAS \u00c1REAS DE PRESERVA\u00c7\u00c3O PERMANENTE<\/a><\/strong><br \/><strong>08. <a href=\"http:\/\/ambienteduran.eng.br\/?page_id=922\">USO DO SOLO DO PARAN\u00c1 &#8211; MMA\/PROBIO\/2005<\/a><\/strong><\/p>\t\t\t\t\t\t<\/div>\n\t\t\t\t<\/div>\n\t\t\t\t\t<\/div>\n\t\t<\/div>\n\t\t\t\t\t\t\t<\/div>\n\t\t<\/section>\n\t\t\t\t\t\t\t<\/div>\n\t\t","protected":false},"excerpt":{"rendered":"<p>PLANO DE CONTROLE DE POLUI\u00c7\u00c3O VEICULAR &#8211; LEG \u25ba\u00a0Resolu\u00e7\u00e3o CONAMA 05, de 15 de junho de 1989\u00a0&#8211; Disp\u00f5e sobre o Programa Nacional de Controle da Polui\u00e7\u00e3o do Ar \u2013 PRONAR\u25baResolu\u00e7\u00e3o CONAMA 03, de 28 de junho de 1990\u00a0&#8211; Disp\u00f5e sobre padr\u00f5es de qualidade do ar, previstos no PRONAR\u25ba\u00a0Resolu\u00e7\u00e3o CONAMA 272, de 14 de setembro de [&hellip;]<\/p>\n","protected":false},"author":1,"featured_media":0,"parent":4176,"menu_order":0,"comment_status":"closed","ping_status":"closed","template":"elementor_header_footer","meta":{"footnotes":""},"class_list":["post-4181","page","type-page","status-publish","hentry"],"_links":{"self":[{"href":"https:\/\/ambienteduran.eng.br\/index.php?rest_route=\/wp\/v2\/pages\/4181","targetHints":{"allow":["GET"]}}],"collection":[{"href":"https:\/\/ambienteduran.eng.br\/index.php?rest_route=\/wp\/v2\/pages"}],"about":[{"href":"https:\/\/ambienteduran.eng.br\/index.php?rest_route=\/wp\/v2\/types\/page"}],"author":[{"embeddable":true,"href":"https:\/\/ambienteduran.eng.br\/index.php?rest_route=\/wp\/v2\/users\/1"}],"replies":[{"embeddable":true,"href":"https:\/\/ambienteduran.eng.br\/index.php?rest_route=%2Fwp%2Fv2%2Fcomments&post=4181"}],"version-history":[{"count":7,"href":"https:\/\/ambienteduran.eng.br\/index.php?rest_route=\/wp\/v2\/pages\/4181\/revisions"}],"predecessor-version":[{"id":4194,"href":"https:\/\/ambienteduran.eng.br\/index.php?rest_route=\/wp\/v2\/pages\/4181\/revisions\/4194"}],"up":[{"embeddable":true,"href":"https:\/\/ambienteduran.eng.br\/index.php?rest_route=\/wp\/v2\/pages\/4176"}],"wp:attachment":[{"href":"https:\/\/ambienteduran.eng.br\/index.php?rest_route=%2Fwp%2Fv2%2Fmedia&parent=4181"}],"curies":[{"name":"wp","href":"https:\/\/api.w.org\/{rel}","templated":true}]}}