{"id":4624,"date":"2022-08-26T17:53:17","date_gmt":"2022-08-26T20:53:17","guid":{"rendered":"http:\/\/ambienteduran.eng.br\/?page_id=4624"},"modified":"2022-08-26T17:54:11","modified_gmt":"2022-08-26T20:54:11","slug":"resolucao-conama-no-357-05","status":"publish","type":"page","link":"https:\/\/ambienteduran.eng.br\/?page_id=4624","title":{"rendered":"RESOLU\u00c7\u00c3O CONAMA N\u00ba 357\/05"},"content":{"rendered":"\t\t<div data-elementor-type=\"wp-page\" data-elementor-id=\"4624\" class=\"elementor elementor-4624\">\n\t\t\t\t\t\t\t\t\t<section class=\"elementor-section elementor-top-section elementor-element elementor-element-25d42c2 elementor-section-boxed elementor-section-height-default elementor-section-height-default\" data-id=\"25d42c2\" data-element_type=\"section\">\n\t\t\t\t\t\t<div class=\"elementor-container elementor-column-gap-default\">\n\t\t\t\t\t<div class=\"elementor-column elementor-col-50 elementor-top-column elementor-element elementor-element-a108226\" data-id=\"a108226\" data-element_type=\"column\">\n\t\t\t<div class=\"elementor-widget-wrap elementor-element-populated\">\n\t\t\t\t\t\t\t\t<div class=\"elementor-element elementor-element-f711c35 elementor-widget elementor-widget-heading\" data-id=\"f711c35\" data-element_type=\"widget\" data-widget_type=\"heading.default\">\n\t\t\t\t<div class=\"elementor-widget-container\">\n\t\t\t<style>\/*! elementor - v3.7.1 - 14-08-2022 *\/\n.elementor-heading-title{padding:0;margin:0;line-height:1}.elementor-widget-heading .elementor-heading-title[class*=elementor-size-]>a{color:inherit;font-size:inherit;line-height:inherit}.elementor-widget-heading .elementor-heading-title.elementor-size-small{font-size:15px}.elementor-widget-heading .elementor-heading-title.elementor-size-medium{font-size:19px}.elementor-widget-heading .elementor-heading-title.elementor-size-large{font-size:29px}.elementor-widget-heading .elementor-heading-title.elementor-size-xl{font-size:39px}.elementor-widget-heading .elementor-heading-title.elementor-size-xxl{font-size:59px}<\/style><h2 class=\"elementor-heading-title elementor-size-default\">RESOLU\u00c7\u00c3O CONAMA N\u00ba 357\/05, ART. 34, \u00a7 1\u00ba, \u00a7 4\u00ba ITENS I, II, III, IV, V E VI E \u00a7 5\u00ba\n<\/h2>\t\t<\/div>\n\t\t\t\t<\/div>\n\t\t\t\t<div class=\"elementor-element elementor-element-7b70cf0 elementor-widget-divider--view-line elementor-widget elementor-widget-divider\" data-id=\"7b70cf0\" data-element_type=\"widget\" data-widget_type=\"divider.default\">\n\t\t\t\t<div class=\"elementor-widget-container\">\n\t\t\t<style>\/*! elementor - v3.7.1 - 14-08-2022 *\/\n.elementor-widget-divider{--divider-border-style:none;--divider-border-width:1px;--divider-color:#2c2c2c;--divider-icon-size:20px;--divider-element-spacing:10px;--divider-pattern-height:24px;--divider-pattern-size:20px;--divider-pattern-url:none;--divider-pattern-repeat:repeat-x}.elementor-widget-divider .elementor-divider{display:-webkit-box;display:-ms-flexbox;display:flex}.elementor-widget-divider .elementor-divider__text{font-size:15px;line-height:1;max-width:95%}.elementor-widget-divider .elementor-divider__element{margin:0 var(--divider-element-spacing);-ms-flex-negative:0;flex-shrink:0}.elementor-widget-divider .elementor-icon{font-size:var(--divider-icon-size)}.elementor-widget-divider .elementor-divider-separator{display:-webkit-box;display:-ms-flexbox;display:flex;margin:0;direction:ltr}.elementor-widget-divider--view-line_icon .elementor-divider-separator,.elementor-widget-divider--view-line_text .elementor-divider-separator{-webkit-box-align:center;-ms-flex-align:center;align-items:center}.elementor-widget-divider--view-line_icon .elementor-divider-separator:after,.elementor-widget-divider--view-line_icon .elementor-divider-separator:before,.elementor-widget-divider--view-line_text .elementor-divider-separator:after,.elementor-widget-divider--view-line_text .elementor-divider-separator:before{display:block;content:\"\";border-bottom:0;-webkit-box-flex:1;-ms-flex-positive:1;flex-grow:1;border-top:var(--divider-border-width) var(--divider-border-style) var(--divider-color)}.elementor-widget-divider--element-align-left .elementor-divider .elementor-divider-separator>.elementor-divider__svg:first-of-type{-webkit-box-flex:0;-ms-flex-positive:0;flex-grow:0;-ms-flex-negative:100;flex-shrink:100}.elementor-widget-divider--element-align-left .elementor-divider-separator:before{content:none}.elementor-widget-divider--element-align-left .elementor-divider__element{margin-left:0}.elementor-widget-divider--element-align-right .elementor-divider .elementor-divider-separator>.elementor-divider__svg:last-of-type{-webkit-box-flex:0;-ms-flex-positive:0;flex-grow:0;-ms-flex-negative:100;flex-shrink:100}.elementor-widget-divider--element-align-right .elementor-divider-separator:after{content:none}.elementor-widget-divider--element-align-right .elementor-divider__element{margin-right:0}.elementor-widget-divider:not(.elementor-widget-divider--view-line_text):not(.elementor-widget-divider--view-line_icon) .elementor-divider-separator{border-top:var(--divider-border-width) var(--divider-border-style) var(--divider-color)}.elementor-widget-divider--separator-type-pattern{--divider-border-style:none}.elementor-widget-divider--separator-type-pattern.elementor-widget-divider--view-line .elementor-divider-separator,.elementor-widget-divider--separator-type-pattern:not(.elementor-widget-divider--view-line) .elementor-divider-separator:after,.elementor-widget-divider--separator-type-pattern:not(.elementor-widget-divider--view-line) .elementor-divider-separator:before,.elementor-widget-divider--separator-type-pattern:not([class*=elementor-widget-divider--view]) .elementor-divider-separator{width:100%;min-height:var(--divider-pattern-height);-webkit-mask-size:var(--divider-pattern-size) 100%;mask-size:var(--divider-pattern-size) 100%;-webkit-mask-repeat:var(--divider-pattern-repeat);mask-repeat:var(--divider-pattern-repeat);background-color:var(--divider-color);-webkit-mask-image:var(--divider-pattern-url);mask-image:var(--divider-pattern-url)}.elementor-widget-divider--no-spacing{--divider-pattern-size:auto}.elementor-widget-divider--bg-round{--divider-pattern-repeat:round}.rtl .elementor-widget-divider .elementor-divider__text{direction:rtl}.e-container>.elementor-widget-divider{width:var(--container-widget-width,100%);-webkit-box-flex:1;-ms-flex-positive:1;flex-grow:1}<\/style>\t\t<div class=\"elementor-divider\">\n\t\t\t<span class=\"elementor-divider-separator\">\n\t\t\t\t\t\t<\/span>\n\t\t<\/div>\n\t\t\t\t<\/div>\n\t\t\t\t<\/div>\n\t\t\t\t<div class=\"elementor-element elementor-element-ef19167 elementor-widget elementor-widget-text-editor\" data-id=\"ef19167\" data-element_type=\"widget\" data-widget_type=\"text-editor.default\">\n\t\t\t\t<div class=\"elementor-widget-container\">\n\t\t\t<style>\/*! elementor - v3.7.1 - 14-08-2022 *\/\n.elementor-widget-text-editor.elementor-drop-cap-view-stacked .elementor-drop-cap{background-color:#818a91;color:#fff}.elementor-widget-text-editor.elementor-drop-cap-view-framed .elementor-drop-cap{color:#818a91;border:3px solid;background-color:transparent}.elementor-widget-text-editor:not(.elementor-drop-cap-view-default) .elementor-drop-cap{margin-top:8px}.elementor-widget-text-editor:not(.elementor-drop-cap-view-default) .elementor-drop-cap-letter{width:1em;height:1em}.elementor-widget-text-editor .elementor-drop-cap{float:left;text-align:center;line-height:1;font-size:50px}.elementor-widget-text-editor .elementor-drop-cap-letter{display:inline-block}<\/style>\t\t\t\t<div align=\"justify\"><div class=\"col-md-8\"><p><strong>Art. 34. Os efluentes de qualquer fonte poluidora somente poder\u00e3o ser lan\u00e7ados, direta ou indiretamente, nos corpos de \u00e1gua desde que obede\u00e7am as condi\u00e7\u00f5es e padr\u00f5es previstos neste artigo, resguardadas outras exig\u00eancias cab\u00edveis:<\/strong><\/p><p><strong>\u00a7 1\u00ba\u00a0O efluente n\u00e3o dever\u00e1 causar ou possuir potencial para causar efeitos t\u00f3xicos aos organismos aqu\u00e1ticos no corpo receptor, de acordo com os crit\u00e9rios de toxicidade estabelecidos pelo \u00f3rg\u00e3o ambiental competente.<\/strong><\/p><p><strong>\u00a7 4\u00ba\u00a0Condi\u00e7\u00f5es de lan\u00e7amento de efluentes:<\/strong><br \/><strong>\u00a0\u00a0\u00a0\u00a0 I\u00a0&#8211; pH entre 5 a 9;<\/strong><br \/><strong>\u00a0\u00a0 II\u00a0&#8211; temperatura: inferior a 40\u00baC, sendo que a varia\u00e7\u00e3o de temperatura do corpo receptor n\u00e3o dever\u00e1 exceder a 3\u00baC no limite da zona de mistura, desde que n\u00e3o comprometa os usos previstos para o corpo d\u2019\u00e1gua; (nova reda\u00e7\u00e3o dada pela Resolu\u00e7\u00e3o CONAMA no 397\/08)<\/strong><br \/><strong>\u00a0\u00a0 III\u00a0&#8211; materiais sediment\u00e1veis: at\u00e9 1 mL\/L em teste de 1 hora em cone Imhoff. Para o lan\u00e7amento em lagos e lagoas, cuja velocidade de circula\u00e7\u00e3o seja praticamente nula, os materiais sediment\u00e1veis dever\u00e3o estar virtualmente ausentes;<\/strong><br \/><strong>\u00a0\u00a0 IV\u00a0&#8211; regime de lan\u00e7amento com vaz\u00e3o m\u00e1xima de at\u00e9 1,5 vezes a vaz\u00e3o m\u00e9dia do<\/strong><br \/><strong>per\u00edodo de atividade di\u00e1ria do agente poluidor, exceto nos casos permitidos pela autoridade<\/strong><br \/><strong>competente;<\/strong><br \/><strong>\u00a0\u00a0 V\u00a0&#8211; \u00f3leos e graxas:<\/strong><br \/><strong>1 &#8211; \u00f3leos minerais: at\u00e9 20mg\/L;<\/strong><br \/><strong>2 &#8211; \u00f3leos vegetais e gorduras animais: at\u00e9 50mg\/L; e<\/strong><br \/><strong>\u00a0\u00a0 VI\u00a0&#8211; aus\u00eancia de materiais flutuantes.<\/strong><\/p><p><strong>\u00a7 5\u00ba\u00a0Padr\u00f5es de lan\u00e7amento de efluentes, valores m\u00e1ximos:<\/strong><br \/><strong>Par\u00e2metros inorg\u00e2nicos Valor m\u00e1ximo<\/strong><br \/><strong>Ars\u00eanio total\u00a0 &#8211; 0,5 mg\/L As<\/strong><br \/><strong>B\u00e1rio total &#8211; 5,0 mg\/L Ba<\/strong><br \/><strong>Boro total &#8211; 5,0 mg\/L B<\/strong><br \/><strong>C\u00e1dmio total &#8211; 0,2 mg\/L Cd<\/strong><br \/><strong>Chumbo total &#8211; 0,5 mg\/L Pb<\/strong><br \/><strong>Cianeto total &#8211; 1,0 mg\/L CN<\/strong><br \/><strong>Cianeto livre (destil\u00e1vel por \u00e1cidos fracos) &#8211; 0,2 mg\/L CN<\/strong><br \/><strong>Cobre dissolvido &#8211; 1,0 mg\/L Cu<\/strong><br \/><strong>Cromo total hexavalente &#8211; 0,1 mg\/L Cr6+<\/strong><br \/><strong>Cromo trivalente &#8211; 1,0 mg\/L Cr3+<\/strong><br \/><strong>Estanho total &#8211; 4,0 mg\/L Sn<\/strong><br \/><strong>Ferro dissolvido &#8211; 15,0 mg\/L Fe78<\/strong><br \/><strong>Fluoreto total &#8211; 10,0 mg\/L F<\/strong><br \/><strong>Mangan\u00eas dissolvido &#8211; 1,0 mg\/L Mn<\/strong><br \/><strong>Merc\u00fario total &#8211; 0,01 mg\/L Hg<\/strong><br \/><strong>N\u00edquel total &#8211; 2,0 mg\/L Ni<\/strong><br \/><strong>Nitrog\u00eanio amoniacal total &#8211; 20,0 mg\/L N<\/strong><br \/><strong>Prata total &#8211; 0,1 mg\/L Ag<\/strong><br \/><strong>Sel\u00eanio total &#8211; 0,30 mg\/L Se<\/strong><br \/><strong>Sulfeto &#8211; 1,0 mg\/L S<\/strong><br \/><strong>Zinco total &#8211; 5,0 mg\/L Zn<\/strong><\/p><p><strong>Par\u00e2metros org\u00e2nicos Valor m\u00e1ximo<\/strong><br \/><strong>Clorof\u00f3rmio &#8211; 1,0 mg\/L<\/strong><br \/><strong>Dicloroeteno (somat\u00f3rio de 1,1 + 1,2 cis + 1,2 trans) &#8211; 1,0 mg\/L<\/strong><br \/><strong>Fen\u00f3is totais (subst\u00e2ncias que reagem com 4-aminoantipirina) &#8211; 0,5 mg\/L C6H5OH<\/strong><br \/><strong>Tetracloreto de Carbono &#8211; 1,0 mg\/L<\/strong><br \/><strong>Tricloroeteno &#8211; 1,0 mg\/L<\/strong><\/p><\/div><\/div>\t\t\t\t\t\t<\/div>\n\t\t\t\t<\/div>\n\t\t\t\t<div class=\"elementor-element elementor-element-8ef5b63 elementor-widget-divider--view-line elementor-widget elementor-widget-divider\" data-id=\"8ef5b63\" data-element_type=\"widget\" data-widget_type=\"divider.default\">\n\t\t\t\t<div class=\"elementor-widget-container\">\n\t\t\t\t\t<div class=\"elementor-divider\">\n\t\t\t<span class=\"elementor-divider-separator\">\n\t\t\t\t\t\t<\/span>\n\t\t<\/div>\n\t\t\t\t<\/div>\n\t\t\t\t<\/div>\n\t\t\t\t\t<\/div>\n\t\t<\/div>\n\t\t\t\t<div class=\"elementor-column elementor-col-50 elementor-top-column elementor-element elementor-element-6bc0e53\" data-id=\"6bc0e53\" data-element_type=\"column\">\n\t\t\t<div class=\"elementor-widget-wrap elementor-element-populated\">\n\t\t\t\t\t\t\t\t<div class=\"elementor-element elementor-element-4dc1be7 elementor-widget elementor-widget-heading\" data-id=\"4dc1be7\" data-element_type=\"widget\" data-widget_type=\"heading.default\">\n\t\t\t\t<div class=\"elementor-widget-container\">\n\t\t\t<h2 class=\"elementor-heading-title elementor-size-default\">MAIS LIDAS\n<\/h2>\t\t<\/div>\n\t\t\t\t<\/div>\n\t\t\t\t<div class=\"elementor-element elementor-element-32c872d elementor-widget-divider--view-line elementor-widget elementor-widget-divider\" data-id=\"32c872d\" data-element_type=\"widget\" data-widget_type=\"divider.default\">\n\t\t\t\t<div class=\"elementor-widget-container\">\n\t\t\t\t\t<div class=\"elementor-divider\">\n\t\t\t<span class=\"elementor-divider-separator\">\n\t\t\t\t\t\t<\/span>\n\t\t<\/div>\n\t\t\t\t<\/div>\n\t\t\t\t<\/div>\n\t\t\t\t<div class=\"elementor-element elementor-element-e11675e elementor-widget elementor-widget-text-editor\" data-id=\"e11675e\" data-element_type=\"widget\" data-widget_type=\"text-editor.default\">\n\t\t\t\t<div class=\"elementor-widget-container\">\n\t\t\t\t\t\t\t<p><strong>01. <a href=\"http:\/\/ambienteduran.eng.br\/?page_id=790\">Consultoria Ambiental<\/a><\/strong><br \/><strong>02. <a href=\"http:\/\/ambienteduran.eng.br\/?page_id=802\">NOSSOS CONTATOS<\/a><\/strong><br \/><strong>03. <a href=\"http:\/\/ambienteduran.eng.br\/?page_id=835\">Compensa\u00e7\u00e3o Ambiental &#8211; im\u00f3veis urbanos<\/a><\/strong><br \/><strong>04. <a href=\"http:\/\/ambienteduran.eng.br\/?page_id=849\">Compra e venda de im\u00f3veis<\/a><\/strong><br \/><strong>05. <a href=\"http:\/\/ambienteduran.eng.br\/?page_id=857\">LICENCIAMENTO AMBIENTAL<\/a><\/strong><br \/><strong>06. <a href=\"http:\/\/ambienteduran.eng.br\/?page_id=887\">CONCEITOS NO NOVO C\u00d3DIGO FLORESTAL &#8211; ILUSTRADO (Art. 3\u00ba Lei 12.651\/12)<\/a><\/strong><br \/><strong>07. <a href=\"http:\/\/ambienteduran.eng.br\/?page_id=905\">DA DELIMITA\u00c7\u00c3O E PROTE\u00c7\u00c3O DAS \u00c1REAS DE PRESERVA\u00c7\u00c3O PERMANENTE<\/a><\/strong><br \/><strong>08. <a href=\"http:\/\/ambienteduran.eng.br\/?page_id=922\">USO DO SOLO DO PARAN\u00c1 &#8211; MMA\/PROBIO\/2005<\/a><\/strong><\/p>\t\t\t\t\t\t<\/div>\n\t\t\t\t<\/div>\n\t\t\t\t\t<\/div>\n\t\t<\/div>\n\t\t\t\t\t\t\t<\/div>\n\t\t<\/section>\n\t\t\t\t\t\t\t<\/div>\n\t\t","protected":false},"excerpt":{"rendered":"<p>RESOLU\u00c7\u00c3O CONAMA N\u00ba 357\/05, ART. 34, \u00a7 1\u00ba, \u00a7 4\u00ba ITENS I, II, III, IV, V E VI E \u00a7 5\u00ba Art. 34. Os efluentes de qualquer fonte poluidora somente poder\u00e3o ser lan\u00e7ados, direta ou indiretamente, nos corpos de \u00e1gua desde que obede\u00e7am as condi\u00e7\u00f5es e padr\u00f5es previstos neste artigo, resguardadas outras exig\u00eancias cab\u00edveis: \u00a7 [&hellip;]<\/p>\n","protected":false},"author":1,"featured_media":0,"parent":4408,"menu_order":0,"comment_status":"closed","ping_status":"closed","template":"elementor_header_footer","meta":{"footnotes":""},"class_list":["post-4624","page","type-page","status-publish","hentry"],"_links":{"self":[{"href":"https:\/\/ambienteduran.eng.br\/index.php?rest_route=\/wp\/v2\/pages\/4624","targetHints":{"allow":["GET"]}}],"collection":[{"href":"https:\/\/ambienteduran.eng.br\/index.php?rest_route=\/wp\/v2\/pages"}],"about":[{"href":"https:\/\/ambienteduran.eng.br\/index.php?rest_route=\/wp\/v2\/types\/page"}],"author":[{"embeddable":true,"href":"https:\/\/ambienteduran.eng.br\/index.php?rest_route=\/wp\/v2\/users\/1"}],"replies":[{"embeddable":true,"href":"https:\/\/ambienteduran.eng.br\/index.php?rest_route=%2Fwp%2Fv2%2Fcomments&post=4624"}],"version-history":[{"count":4,"href":"https:\/\/ambienteduran.eng.br\/index.php?rest_route=\/wp\/v2\/pages\/4624\/revisions"}],"predecessor-version":[{"id":4628,"href":"https:\/\/ambienteduran.eng.br\/index.php?rest_route=\/wp\/v2\/pages\/4624\/revisions\/4628"}],"up":[{"embeddable":true,"href":"https:\/\/ambienteduran.eng.br\/index.php?rest_route=\/wp\/v2\/pages\/4408"}],"wp:attachment":[{"href":"https:\/\/ambienteduran.eng.br\/index.php?rest_route=%2Fwp%2Fv2%2Fmedia&parent=4624"}],"curies":[{"name":"wp","href":"https:\/\/api.w.org\/{rel}","templated":true}]}}